 m(k).
-5
Let r(u) = -u**3 - 5*u**2 + 6*u + 7. Suppose -z + 4 = 5*o, 3*o - 8 = -o. Determine r(z).
7
Let t(b) = -14*b**3 + b**2 - b + 1. Suppose 11 - 7 = 4*a. What is t(a)?
-13
Let w(d) = -d**2 + 3*d + 1. Suppose -3*m - 3 = -0. Let v be m/(-4) - 4/16. Suppose v = -0*z - z + 4. Give w(z).
-3
Let r(a) = a**2 - 6*a. Let n = 17 - 8. Let k = n + -4. Calculate r(k).
-5
Suppose -3 + 11 = 4*y. Let m(f) = 7*f**3 + f**2 - 6*f**y - f + 3*f**2. Calculate m(-1).
-8
Let y(c) be the first derivative of c**4/2 + c**3 + c**2/2 - c + 9. Calculate y(-2).
-7
Let m(i) = i - 3*i + 2 + 4*i. Let v(q) = 2*q**2 + 14*q - 3. Let x be v(-7). Determine m(x).
-4
Let q(p) = -7*p**2 - 3*p + 2. Let o(u) = -11*u**2 - 5*u + 3. Let g(m) = -5*o(m) + 8*q(m). Give g(2).
-1
Suppose -5 + 17 = -4*r. Let j(w) = 3*w + 1. Calculate j(r).
-8
Let n be 1/3 - 2/(-3). Let c be -2*((-3)/(-2) - 3). Let z be n/(-2)*(-1 + c). Let f(h) = 10*h. Determine f(z).
-10
Let f be (-699)/(-180) - 3 - (-8)/(-10). Let h(j) be the third derivative of -3*j**2 + f*j**4 + 0 - 1/60*j**5 + 0*j**3 + 0*j. Determine h(4).
-8
Let d(c) = c**3 - c**2 + 8. Suppose -2*k = 2*k + g - 3, -k + 4*g = 12. Give d(k).
8
Let x(j) = j - 1. Let m be 2*1 - (3 + 1). Let q be 7 + 7/(7/m). Calculate x(q).
4
Suppose 9*a - 4*a + 4 = 3*p, -5*p - 3*a + 18 = 0. Let b(w) be the third derivative of 5/6*w**p + 0*w + 2*w**2 + 1/12*w**4 + 0. Determine b(-5).
-5
Let c be (-2)/15 - (-124)/30. Let q(t) = -t + 4 + 1 + c - 4. Determine q(4).
1
Let o(t) = 2 - 3 - t - 1. Suppose -60 = -3*j + 5*r, j - 4*j = 2*r - 39. Let c = 10 - j. Determine o(c).
3
Let y(a) be the first derivative of -2 - a**2 + 1/3*a**3 + a - 1/4*a**4. Determine y(2).
-7
Let t(l) = -7*l**2 + 10*l - 7. Let u(s) = -4*s**2 + 5*s - 3. Let g(r) = 3*t(r) - 5*u(r). Let b = 26 - 21. Determine g(b).
-6
Let c be (-2)/(-3)*(-24)/2. Suppose t + 15 = -5*n, 5*n = t + 2*n - 1. Let j = c - t. Let x(f) = 2*f**2 + 4*f + 2. Determine x(j).
8
Let v = -33 - -33. Let u(a) = -a + 1. Determine u(v).
1
Let u be (-2 + 5 - 3)*-1. Let t(o) = 2 - 3*o + 10 + 2*o. Give t(u).
12
Let m(n) be the first derivative of -n**4/4 - n**3/3 + n**2/2 + 11*n + 16. Determine m(0).
11
Let z = -162 - -160. Let w(o) be the first derivative of -2*o + 1/2*o**2 + 2. Determine w(z).
-4
Let v(l) = 12*l. Let a be v(1). Let d = -16 + a. Let k(h) = -h - 2. What is k(d)?
2
Let f be 2/(-7)*(-9 - -2). Let i(w) = -w + 5 - f + 1 + 2*w. Determine i(3).
7
Let h(f) be the first derivative of -f**4 + f**2/2 - f - 10. Determine h(1).
-4
Let x(u) be the third derivative of -3*u**5/20 + u**4/12 - u**3/6 + 5*u**2. What is x(1)?
-8
Let h(y) = y + 2. Suppose -4*a = -0*c + 4*c + 120, -4*c + 4*a - 104 = 0. Let b be 260/c - (-4)/14. Let k be (2/2)/((-3)/b). Give h(k).
5
Let o(v) be the third derivative of -v**6/240 + v**5/40 + v**4/24 + 3*v**2. Let d(j) be the second derivative of o(j). Determine d(2).
-3
Let m(w) = w**2 + 4*w - 1. Let o(j) = -j**2 + 5*j - 1. Let y be o(5). Let i be 2 - 1 - (-3)/y. What is m(i)?
-5
Let g(c) = -7 + 38*c**2 - 40*c**2 + 6. Determine g(2).
-9
Let z(p) = 2*p**2 + 5*p + 4. Let a be z(-4). Let l(m) = -m**2 + 3*m. Let r be l(3). Suppose 5*n - n + a = r. Let y(v) = v - 5. Give y(n).
-9
Let o = 5 - 11. Let i = o - -1. Let b(t) = -t**2 - 5*t + 4. Determine b(i).
4
Let n = -6 - -10. Let s = n + 1. Let k(a) = -3*a**3 - 5*a**2 + 2*a + 3. Let f(b) = 5*b**3 + 10*b**2 - 4*b - 5. Let t(x) = 4*f(x) + 7*k(x). Determine t(s).
-9
Let j be ((-16)/4)/(-4)*18. Let h be (-96)/j + 2/(-3). Let d(z) = -z**2 - 5*z - 3. Determine d(h).
-9
Let u(x) be the third derivative of -x**8/20160 + x**7/1008 - x**6/120 - x**5/20 - x**2. Let f(b) be the third derivative of u(b). Calculate f(5).
-6
Let u(o) = 6*o**2 + 17*o + 1. Let i(s) = -5*s**2 - 16*s. Let q(k) = 7*i(k) + 6*u(k). Determine q(9).
-3
Suppose -3*x - 46 - 1 = -4*m, -x = -2*m + 23. Let y(k) = -k + 7. Calculate y(m).
-4
Suppose 5*t + 6 = -14. Let j(n) = -n**2 - 2*n. Give j(t).
-8
Let o(j) = -j**3 + 10*j**2 - j + 10. Let m = 10 + 0. What is o(m)?
0
Let s(j) be the second derivative of -j**8/2240 - j**6/720 + j**4/3 + j. Let f(p) be the third derivative of s(p). Determine f(-1).
4
Let n(c) = -c**3 - 6*c**2 - c. Let l(h) = h**2 - 12*h**2 - h**2 + 1 - h**2. Let a be l(-1). Let u = -18 - a. Give n(u).
6
Let f(s) be the third derivative of -s**5/60 + s**4/6 - s**3/6 + 6*s**2. What is f(3)?
2
Let c = 0 + -1. Let o be c/((-1 - -2)/(-4)). Suppose 0 = 5*r - 5*x - 20, x + o = 2. Let b(n) = n**3 + n**2 - 2. Determine b(r).
10
Let g = -17 - -15. Let y(n) be the third derivative of -1/24*n**4 + 0 + 0*n - 1/60*n**5 - 1/120*n**6 - 1/3*n**3 + n**2. Calculate y(g).
4
Let m(q) = 11*q + 9 - 7 - 9*q. Give m(-3).
-4
Let h be 52/(-91) - (-8)/14. Let c(t) = 0 - 1 - t + 2*t. Determine c(h).
-1
Let z(d) = 4*d**2 + d - 1. Let v be z(1). Suppose -s - 12 = -2*a - 0*a, -4*s = 5*a - v. Let i(m) = m**3 - 4*m**2 + m + 4. Determine i(a).
8
Let p(m) be the first derivative of -m**3/3 + m**2 + 19. Calculate p(5).
-15
Let i(c) = 4*c**2 - 5*c - 2. Let x(m) = -5*m**2 + 5*m + 2. Let s(d) = 4*i(d) + 3*x(d). Calculate s(5).
-2
Suppose 12 = 4*g + 56. Let h = g + 6. Let f(o) = o**2 + 2*o + 2. Let u(k) = 2*k**2 + 3*k + 4. Let x(a) = h*f(a) + 2*u(a). Calculate x(-4).
-2
Let x(s) = 2*s. Suppose 0*u + u - 2*v + 1 = 0, 4*v = 0. Let q be u*5*(1 + 0). Determine x(q).
-10
Suppose -5*c + 14 = g, 3*c - 7*c + 4*g = 8. Let k(j) = c + 0*j + j + 6*j - 8*j. Determine k(-3).
5
Let v(l) = l**3 - 4*l**2 + l + 4. Let u(x) = 24*x**3. Let o be u(1). Let y be 9*(-2)/o*-4. What is v(y)?
-2
Let v(w) = -w**3 + 6*w**2 - 7*w + 5. Let u(s) = s**3 + 6*s**2 - 4*s + 8. Let j be u(-7). Let c = j + 24. Let k = c - 7. What is v(k)?
9
Let f(k) = 2*k + 6. Let z(n) = n - 11. Let c be z(6). Determine f(c).
-4
Let n(o) = o**3 + 6*o**2 + 6. Let p(u) = u**2 - 29*u + 23. Let z be p(28). Determine n(z).
31
Let k(w) be the third derivative of -w**6/120 - w**4/24 + w**3/3 - 2*w**2 - 21*w. Suppose 0 + 6 = 3*h. Calculate k(h).
-8
Let q(a) = -a - 4. Let i = -20 - -23. Suppose -i*h = -6*h - 21. What is q(h)?
3
Let q(k) = -k**2 + 10*k - 3. Let n be 22/5 - (-6)/(-15). Give q(n).
21
Let o = 2 + 1. Suppose -x - o = 2*x. Let h(c) = 2*c**2 + 6. Let s(k) = -2*k**2 - 5. Let t(z) = -4*h(z) - 5*s(z). Determine t(x).
3
Suppose y - 16 = 5*y. Let l = -3 + 6. Let v(g) = 2*g**3 - 7*g - 6 - g**l + 6*g**2 - 3*g**2. What is v(y)?
6
Let q(p) = -p**3 + 3*p + 2. Let z = 0 + -3. Let m be 7/(-3) - z/9. Calculate q(m).
4
Let u(d) = 2*d - 1. Suppose 39*c + 10 = 44*c. Calculate u(c).
3
Let r(n) = -n + 2. Let m be r(0). Suppose -4*l + m*l - 12 = 0. Let d(t) = -7*t - t**3 - 6 + 2*t**3 + 7*t**2 - 2*t**2. Calculate d(l).
0
Suppose 0 = 2*x + 54 + 1006. Let o be x/(-11) - 6/33. Let z be o/9 + 4/6. Let m(i) = i**2 - 6*i - 6. What is m(z)?
-6
Let j(n) = n**2 + 3*n + 1. Let r be j(-3). Let c(h) = -2*h**3 - 4*h**2 - h + r + h**2 + 3*h**3 + 2*h**2. Suppose -6 - 4 = -5*k. Determine c(k).
3
Let x(b) be the first derivative of b**4/4 - 5*b**3/3 + b**2 - 5*b + 26. Determine x(5).
5
Let z = -18 - -21. Let y(f) be the second derivative of -1/2*f**2 - 1/6*f**z + 0 + f. What is y(-4)?
3
Let f(p) = 4*p - 1. Suppose -2*z - 3 = -9. Suppose -3*c + z = -o, -10 + 2 = -4*o + 2*c. Suppose 0 = -y - o*y - 4. Calculate f(y).
-5
Suppose 0*z - 8 = -2*z. Let o(a) = a - 1. Let w(b) = 2*b - 3. Let i(x) = -3*o(x) - w(x). Calculate i(z).
-14
Let x be (12/1)/(1 - -1). Let h be 1/x + 87/18. Let y(b) = b**2 - 3*b - 6. Determine y(h).
4
Let j(d) = -d**2 - 4*d + 3. Let x be (2/((-2)/(-5)))/(-1). Give j(x).
-2
Suppose w = -3*n + 11, -5 = 3*w + 2*w. Let i(r) = 2*r**3 + 3*r**2 - 8*r - 10. Let h(d) = -d**3 - d**2 + 4*d + 5. Let j(m) = -7*h(m) - 3*i(m). Give j(n).
11
Let c(b) = 10*b - 1 - 6*b - 5*b + 2. Suppose -2*i + 5*i = 0. Determine c(i).
1
Let k(r) = r + 0 - 6 + r**2 + 5. Let m(c) = 2*c**2 + 8*c + 4. Let p(d) = -3*k(d) + m(d). What is p(7)?
-7
Suppose 1 = 3*v + 10. Let s(f) = -f**2 - 5*f + 3. Let h be s(3). Let z be (-1 + h/v)/(-1). Let c(t) = -t**3 - 7*t**2 - 6*t - 3. Determine c(z).
-3
Let m(g) = g**3 - 6*g**2 + g + 2. Suppose 4*z + 12 = 0, -2*k + 21 = 2*k + z. What is m(k)?
8
Let o(f) = 4*f**3 - 8*f**2 + f + 6. Let b(j) = 3*j**3 - 7*j**2 + 5. Let q(a) = 3*b(a) - 2*o(a). Give q(3).
-21
Let c(d) = -d**2 - 8*d - 12. Suppose n - 19 = 4*u, -5*n - 55 = -u + 6*u